e prime factors of 2886?
2, 3, 13, 37
List the prime factors of 35706.
2, 3, 11, 541
List the prime factors of 15999.
3, 5333
What are the prime factors of 50235?
3, 5, 17, 197
What are the prime factors of 1685?
5, 337
List the prime factors of 80693.
19, 31, 137
What are the prime factors of 7042?
2, 7, 503
What are the prime factors of 30430?
2, 5, 17, 179
List the prime factors of 15.
3, 5
List the prime factors of 121491.
3, 13499
What are the prime factors of 2486?
2, 11, 113
List the prime factors of 31494.
2, 3, 29, 181
What are the prime factors of 13418?
2, 6709
What are the prime factors of 33652?
2, 47, 179
List the prime factors of 3583.
3583
List the prime factors of 7238.
2, 7, 11, 47
What are the prime factors of 1075?
5, 43
What are the prime factors of 31431?
3, 10477
List the prime factors of 95160.
2, 3, 5, 13, 61
List the prime factors of 46010.
2, 5, 43, 107
List the prime factors of 14997.
3, 4999
What are the prime factors of 70242?
2, 3, 23, 509
List the prime factors of 1161.
3, 43
What are the prime factors of 79217?
37, 2141
What are the prime factors of 14266?
2, 7, 1019
What are the prime factors of 10372?
2, 2593
What are the prime factors of 5214?
2, 3, 11, 79
List the prime factors of 6522.
2, 3, 1087
List the prime factors of 120774.
2, 3, 20129
What are the prime factors of 2086?
2, 7, 149
What are the prime factors of 37785?
3, 5, 11, 229
List the prime factors of 1761.
3, 587
List the prime factors of 3044.
2, 761
What are the prime factors of 113909?
113909
List the prime factors of 1029.
3, 7
What are the prime factors of 16349?
16349
List the prime factors of 2691.
3, 13, 23
List the prime factors of 22286.
2, 11, 1013
List the prime factors of 58234.
2, 11, 2647
What are the prime factors of 30598?
2, 15299
What are the prime factors of 376?
2, 47
List the prime factors of 61307.
101, 607
What are the prime factors of 13088?
2, 409
What are the prime factors of 34277?
151, 227
List the prime factors of 779.
19, 41
What are the prime factors of 3763?
53, 71
List the prime factors of 12577.
12577
What are the prime factors of 1403?
23, 61
List the prime factors of 1129.
1129
List the prime factors of 3827.
43, 89
What are the prime factors of 11048?
2, 1381
What are the prime factors of 731?
17, 43
List the prime factors of 57608.
2, 19, 379
List the prime factors of 1069.
1069
What are the prime factors of 525?
3, 5, 7
What are the prime factors of 242?
2, 11
What are the prime factors of 2748?
2, 3, 229
List the prime factors of 25549.
29, 881
What are the prime factors of 8262?
2, 3, 17
List the prime factors of 15303.
3, 5101
List the prime factors of 29729.
7, 31, 137
What are the prime factors of 4469?
41, 109
List the prime factors of 471.
3, 157
List the prime factors of 2231.
23, 97
List the prime factors of 2037.
3, 7, 97
List the prime factors of 6760.
2, 5, 13
List the prime factors of 1084.
2, 271
List the prime factors of 8340.
2, 3, 5, 139
List the prime factors of 2031.
3, 677
List the prime factors of 1803.
3, 601
What are the prime factors of 82068?
2, 3, 7, 977
What are the prime factors of 8377?
8377
What are the prime factors of 1564?
2, 17, 23
List the prime factors of 5129.
23, 223
What are the prime factors of 31648?
2, 23, 43
What are the prime factors of 30106?
2, 15053
What are the prime factors of 933?
3, 311
List the prime factors of 52460.
2, 5, 43, 61
What are the prime factors of 49356?
2, 3, 457
What are the prime factors of 33370?
2, 5, 47, 71
List the prime factors of 913.
11, 83
What are the prime factors of 1436?
2, 359
What are the prime factors of 7729?
59, 131
What are the prime factors of 38416?
2, 7
List the prime factors of 2916.
2, 3
List the prime factors of 424.
2, 53
List the prime factors of 326.
2, 163
What are the prime factors of 5193?
3, 577
List the prime factors of 5260.
2, 5, 263
List the prime factors of 102961.
19, 5419
What are the prime factors of 2926?
2, 7, 11, 19
List the prime factors of 360.
2, 3, 5
List the prime factors of 19019.
7, 11, 13, 19
What are the prime factors of 9127?
9127
What are the prime factors of 13897?
13, 1069
List the prime factors of 2611.
7, 373
What are the prime factors of 9840?
2, 3, 5, 41
List the prime factors of 1406.
2, 19, 37
What are the prime factors of 22489?
43, 523
List the prime factors of 72852.
2, 3, 13, 467
What are the prime factors of 72354?
2, 3, 31, 389
List the prime factors of 123290.
2, 5, 12329
List the prime factors of 6789.
3, 31, 73
List the prime factors of 1275.
3, 5, 17
List the prime factors of 868.
2, 7, 31
What are the prime factors of 2530?
2, 5, 11, 23
What are the prime factors of 1542?
2, 3, 257
What are the prime factors of 46288?
2, 11, 263
List the prime factors of 3885.
3, 5, 7, 37
List the prime factors of 42914.
2, 43, 499
List the prime factors of 873.
3, 97
What are the prime factors of 35821?
113, 317
What are the prime factors of 1248?
2, 3, 13
What are the prime factors of 2850?
2, 3, 5, 19
List the prime factors of 3362.
2, 41
List the prime factors of 120566.
2, 23, 2621
What are the prime factors of 2754?
2, 3, 17
List the prime factors of 447.
3, 149
What are the prime factors of 2339?
2339
List the prime factors of 23342.
2, 11, 1061
What are the prime factors of 55841?
19, 2939
List the prime factors of 373.
373
What are the prime factors of 3110?
2, 5, 311
List the prime factors of 5276.
2, 1319
List the prime factors of 46401.
3, 15467
List the prime factors of 14578.
2, 37, 197
List the prime factors of 4428.
2, 3, 41
List the prime factors of 154.
2, 7, 11
List the prime factors of 1221.
3, 11, 37
List the prime factors of 12925.
5, 11, 47
What are the prime factors of 4509?
3, 167
What are the prime factors of 378?
2, 3, 7
List the prime factors of 433.
433
List the prime factors of 37933.
7, 5419
What are the prime factors of 14143?
14143
List the prime factors of 245.
5, 7
What are the prime factors of 590?
2, 5, 59
List the prime factors of 24312.
2, 3, 1013
What are the prime factors of 1760?
2, 5, 11
List the prime factors of 92287.
13, 31, 229
What are the prime factors of 9455?
5, 31, 61
What are the prime factors of 20345?
5, 13, 313
List the prime factors of 12025.
5, 13, 37
What are the prime factors of 174?
2, 3, 29
What are the prime factors of 60528?
2, 3, 13, 97
List the prime factors of 15635.
5, 53, 59
List the prime factors of 21518.
2, 7, 29, 53
List the prime factors of 3862.
2, 1931
List the prime factors of 32944.
2, 29, 71
What are the prime factors of 9035?
5, 13, 139
List the prime factors of 1250.
2, 5
List the prime factors of 1190.
2, 5, 7, 17
List the prime factors of 59378.
2, 11, 2699
What are the prime factors of 3310?
2, 5, 331
List the prime factors of 2777.
2777
What are the prime factors of 1074?
2, 3, 179
What are the prime factors of 15302?
2, 7, 1093
What are the prime factors of 3083?
3083
What are the prime factors of 66553?
66553
List the prime factors of 134273.
19, 37, 191
List the prime factors of 6045.
3, 5, 13, 31
What are the prime factors of 1520?
2, 5, 19
What are the prime factors of 16912?
2, 7, 151
List the prime factors of 65568.
2, 3, 683
What are the prime factors of 42492?
2, 3, 3541
List the prime factors of 695.
5, 139
List the prime factors of 4296.
2, 3, 179
What are the prime factors of 1761?
3, 587
List the prime factors of 3405.
3, 5, 227
List the prime factors of 22262.
2, 11131
List the prime factors of 152.
2, 19
What are the prime factors of 899?
29, 31
What are the prime factors of 30041?
11, 2731
List the prime factors of 5634.
2, 3, 313
List the prime factors of 1679.
23, 73
List the prime factors of 1141.
7, 163
List the prime factors of 120533.
7, 67, 257
What are the prime factors of 611?
13, 47
List the prime factors of 13955.
5, 2791
List the prime factors of 1805.
5, 19
What are the prime factors of 13653?
3, 37, 41
What are the prime factors of 528?
2, 3, 11
What are the prime factors of 2587?
13, 199
What are the prime factors of 28562?
2, 14281
What are the prime factors of 200?
2, 5
List the prime factors of 2824.
2, 353
What are the prime factors of 757?
757
List the prime factors of 8260.
2, 5, 7, 59
List the prime factors of 3463.
3463
List the prime factors of 15102.
2, 3,